{"id":115,"date":"2025-06-18T05:21:30","date_gmt":"2025-06-18T05:21:30","guid":{"rendered":"https:\/\/www.ffw-rothenkirchen.de\/0900\/?page_id=115"},"modified":"2025-06-26T05:04:14","modified_gmt":"2025-06-26T05:04:14","slug":"kontakte","status":"publish","type":"page","link":"https:\/\/www.ffw-rothenkirchen.de\/0900\/?page_id=115","title":{"rendered":"Kontakte"},"content":{"rendered":"\n<p>Schreiben Sie eine eMail f\u00fcr allgemeine Anfragen an: <a href=\"mailto:info@ffw-rothenkirchen.de\">info@ffw-rothenkirchen.de<\/a><\/p>\n\n\n\n<hr class=\"wp-block-separator has-alpha-channel-opacity is-style-wide\"\/>\n\n\n\n<p><strong>&nbsp; Leiter der Feuerwehr<\/strong><\/p>\n\n\n\n<p><strong>&nbsp; Mike F\u00f6rster<\/strong><\/p>\n\n\n\n<p>&nbsp; 0173 8823124<\/p>\n\n\n\n<p><a href=\"mailto:wehrleitung@ffw-rothenkirchen.de\">eMail an Wehrleitung<\/a><\/p>\n\n\n\n<hr class=\"wp-block-separator has-alpha-channel-opacity is-style-wide\"\/>\n\n\n\n<p><strong>Vereinsvorsitzende<\/strong><\/p>\n\n\n\n<p><strong>Andrea Sch\u00fctze-Pausch<\/strong><\/p>\n\n\n\n<p>0176 72330705<\/p>\n\n\n\n<p><a href=\"mailto:verein@ffw-rothenkirchen.de\">eMail an Verein<\/a><\/p>\n\n\n\n<hr class=\"wp-block-separator has-alpha-channel-opacity is-style-wide\"\/>\n\n\n\n<p><strong>Webmaster \/ Admin<\/strong><\/p>\n\n\n\n<p><strong>&nbsp;Andres Ebert<\/strong><\/p>\n\n\n\n<p>&nbsp;0162 4410066<\/p>\n\n\n\n<p><a href=\"mailto:admin@ffw-rothenkirchen.de\">&nbsp;eMail an Admin<\/a><\/p>\n\n\n\n<hr class=\"wp-block-separator has-alpha-channel-opacity is-style-wide\"\/>\n\n\n\n<p><strong>Jugendleiter<\/strong><\/p>\n\n\n\n<p><strong>Jimmy M\u00f6ckel<\/strong><\/p>\n\n\n\n<p>0175 9427467<\/p>\n\n\n\n<p><a href=\"mailto:jugend@ffw-rothenkirchen.de\">&nbsp;eMail an Jugendfeuerwehr<\/a><\/p>\n\n\n\n<hr class=\"wp-block-separator has-alpha-channel-opacity is-style-wide\"\/>\n\n\n\n<p>Um Missbrauch zu verringern, haben wir unser Kontaktformular deaktiviert.<\/p>\n","protected":false},"excerpt":{"rendered":"<p>Schreiben Sie eine eMail f\u00fcr allgemeine Anfragen an: info@ffw-rothenkirchen.de &nbsp; Leiter der Feuerwehr &nbsp; Mike F\u00f6rster &nbsp; 0173 8823124 eMail an Wehrleitung Vereinsvorsitzende Andrea Sch\u00fctze-Pausch 0176 72330705 eMail an Verein Webmaster \/ Admin &nbsp;Andres Ebert &nbsp;0162 4410066 &nbsp;eMail an Admin Jugendleiter Jimmy M\u00f6ckel 0175 9427467 &nbsp;eMail an Jugendfeuerwehr Um Missbrauch zu verringern, haben wir unser [&hellip;]<\/p>\n","protected":false},"author":1,"featured_media":0,"parent":0,"menu_order":0,"comment_status":"closed","ping_status":"closed","template":"","meta":{"footnotes":""},"class_list":["post-115","page","type-page","status-publish","hentry"],"_links":{"self":[{"href":"https:\/\/www.ffw-rothenkirchen.de\/0900\/index.php?rest_route=\/wp\/v2\/pages\/115","targetHints":{"allow":["GET"]}}],"collection":[{"href":"https:\/\/www.ffw-rothenkirchen.de\/0900\/index.php?rest_route=\/wp\/v2\/pages"}],"about":[{"href":"https:\/\/www.ffw-rothenkirchen.de\/0900\/index.php?rest_route=\/wp\/v2\/types\/page"}],"author":[{"embeddable":true,"href":"https:\/\/www.ffw-rothenkirchen.de\/0900\/index.php?rest_route=\/wp\/v2\/users\/1"}],"replies":[{"embeddable":true,"href":"https:\/\/www.ffw-rothenkirchen.de\/0900\/index.php?rest_route=%2Fwp%2Fv2%2Fcomments&post=115"}],"version-history":[{"count":6,"href":"https:\/\/www.ffw-rothenkirchen.de\/0900\/index.php?rest_route=\/wp\/v2\/pages\/115\/revisions"}],"predecessor-version":[{"id":131,"href":"https:\/\/www.ffw-rothenkirchen.de\/0900\/index.php?rest_route=\/wp\/v2\/pages\/115\/revisions\/131"}],"wp:attachment":[{"href":"https:\/\/www.ffw-rothenkirchen.de\/0900\/index.php?rest_route=%2Fwp%2Fv2%2Fmedia&parent=115"}],"curies":[{"name":"wp","href":"https:\/\/api.w.org\/{rel}","templated":true}]}}